7)?
-5
Let g(t) = -6*t**3 - 226*t**2 - 345*t + 428. Calculate g(-36).
-112
Let r(y) = y**3 + 16*y**2 - 77*y - 252. What is r(-20)?
-312
Let p(c) = 314*c - 3558. Determine p(11).
-104
Let j(x) = -x**3 + 36*x**2 - 86*x + 228. What is j(34)?
-384
Let t(p) = -p**3 - 29*p**2 + 338*p + 1557. Determine t(-37).
3
Let i(j) = -9*j**3 + 82*j**2 - 4*j - 21. Give i(9).
24
Let f(u) = -1604*u**2 - 649619*u + 408. Calculate f(-405).
3
Let a(s) = -346*s - 1102. Determine a(-3).
-64
Let k(m) = 232*m + 75. Determine k(2).
539
Let l(k) = 389*k - 1591. Give l(-3).
-2758
Let x(f) = 318638*f + 2867747. Calculate x(-9).
5
Let v(s) = -3*s**2 - 1272*s - 34092. Calculate v(-27).
-1935
Let j(f) = 169*f + 55602. What is j(-329)?
1
Let b(q) = -4259*q - 319383. Determine b(-75).
42
Let c(i) = 3*i**3 - 684*i**2 + 3253*i + 20512. Determine c(223).
-4
Let c(y) = 2*y**2 - 171*y - 10012. Give c(125).
-137
Let q(p) = 2*p**3 + 11*p**2 - 232716*p - 930887. Give q(-4).
25
Let o(q) = -q**3 - 32*q**2 + 66*q + 1692. Give o(-7).
5
Let o(z) = -z**2 + 841*z - 46086. Calculate o(59).
52
Let v(i) = 2*i**3 - 25*i**2 - 1287*i + 13359. Give v(10).
-11
Let g(a) = -6*a**2 - 692*a + 19. Calculate g(0).
19
Let k(n) = 20372*n + 936552. Give k(-46).
-560
Let g(y) = 4*y**2 - 675*y + 8013. Give g(156).
57
Let f(n) = 75*n**2 - 123*n - 53. Calculate f(2).
1
Let d(i) = -57933*i - 289406. Give d(-5).
259
Let t(n) = 47782*n + 477823. What is t(-10)?
3
Let j(n) = -840*n - 15773. Give j(-19).
187
Let h(s) = -33*s**2 - 2196*s - 8247. What is h(-4)?
9
Let t(z) = z**2 - 75*z + 973. Determine t(16).
29
Let a(d) = 15*d**3 - 98*d**2 - 543*d + 149. Give a(10).
-81
Let p(k) = 3*k**2 - 2203*k - 213461. Give p(821).
-1
Let b(s) = 455*s - 2679. Determine b(6).
51
Let v(b) = -578*b**2 + 429*b + 20. Determine v(3).
-3895
Let u(p) = -2*p**3 - 488*p**2 + 9434*p + 545. Give u(-262).
21
Let y(m) = -m**2 - 21*m + 474. What is y(13)?
32
Let g(d) = 616*d + 39690. Give g(-64).
266
Let y(x) = 702*x - 27315. What is y(39)?
63
Let s(m) = 7248*m**2 - 43257*m - 1402. Determine s(6).
-16
Let k(n) = -7*n**3 - 4394*n**2 + 919*n - 211642. Give k(-628).
-6
Let q(f) = 632*f + 11656. Determine q(-19).
-352
Let k(o) = -102*o**3 - 2958*o**2 + 40*o + 1029. Determine k(-29).
-131
Let s(q) = -25687*q + 1695333. Determine s(66).
-9
Let c(g) = -266*g**2 + 2074*g + 416. Determine c(8).
-16
Let h(a) = 2*a**3 - 273*a**2 + 117*a + 1066. Give h(136).
-1518
Let r(l) = 16507*l + 99141. Give r(-6).
99
Let x(u) = -3*u**2 - 4470*u + 108663. Give x(24).
-345
Let h(j) = -1389*j**2 + 2776*j - 9. Calculate h(2).
-13
Let f(m) = 132556*m - 265081. Give f(2).
31
Let w(j) = 2*j**2 + 145691*j + 582739. Give w(-4).
7
Let y(z) = 1063*z + 3813. Give y(-3).
624
Let g(v) = 38*v**2 - 87*v - 12061. Determine g(19).
4
Let h(g) = -119*g**2 + 55*g + 223. Determine h(-1).
49
Let m(q) = q**2 - 3671*q + 120091. Calculate m(33).
37
Let v(d) = 138*d**2 - 426*d + 1288. Give v(3).
1252
Let g(t) = -2*t**3 + 2*t**2 - 28121*t + 56241. Calculate g(2).
-9
Let i(k) = k**2 - 15*k - 155. Determine i(-18).
439
Let g(r) = r**3 + 231*r**2 + 907*r - 464. What is g(-227)?
-237
Let o(z) = 223*z**3 + 7*z**2 + 215*z + 449. Calculate o(-2).
-1737
Let t(q) = -89*q**3 + 2*q**2 - 167*q - 753. What is t(-4)?
5643
Let q(n) = 17*n**2 + 2817*n + 4824. Give q(-164).
68
Let z(j) = 12*j**3 - 3*j**2 + 1855*j - 3709. What is z(2)?
85
Let d(k) = -50*k**2 + 15408*k - 2498. Calculate d(308).
-34
Let f(x) = -x**2 - 6942*x - 501425. What is f(-73)?
12
Let s(j) = 5421*j + 81210. Give s(-15).
-105
Let o(b) = 1685*b - 38294. Determine o(23).
461
Let t(a) = -5233*a + 10507. Determine t(2).
41
Let t(s) = -7186*s + 265883. Determine t(37).
1
Let c(x) = -3*x**2 + 15760*x - 563478. Give c(36).
-6
Let s(y) = y**3 - 100*y**2 - 10724*y - 32. What is s(165)?
133
Let y(g) = -1215*g + 4702. Give y(4).
-158
Let a(k) = -3880*k + 116308. What is a(30)?
-92
Let x(k) = -686*k - 2018. Determine x(-3).
40
Let f(o) = 43*o**2 + 14316*o + 27460. Give f(-331).
-13
Let b(i) = -6803*i - 61199. What is b(-9)?
28
Let y(t) = -1689*t + 3292. Give y(2).
-86
Let m(f) = -f**2 - 264*f + 19058. What is m(59)?
1
Let n(i) = -42316*i + 2073481. Determine n(49).
-3
Let i(l) = -2*l**2 - 513*l + 338960. What is i(303)?
-97
Let l(b) = b**2 - 1134*b + 180870. What is l(192)?
6
Let g(o) = -1893*o + 3839. Determine g(2).
53
Let f(g) = 1436*g - 142499. Determine f(99).
-335
Let v(f) = -91*f**2 - 2044*f - 919. Give v(-22).
5
Let g(s) = 14739*s - 294806. Give g(20).
-26
Let c(o) = -82327*o + 6256851. Calculate c(76).
-1
Let v(f) = -f**3 + 139*f**2 + 717*f + 398. What is v(144)?
-34
Let h(t) = -70300*t - 1616917. Give h(-23).
-17
Let w(t) = -717*t + 13454. Determine w(18).
548
Let x(c) = c**2 - 144*c + 4667. Calculate x(51).
-76
Let t(n) = 7133*n - 7269. Calculate t(1).
-136
Let d(q) = -911*q - 543848. Determine d(-597).
19
Let u(f) = -292*f - 8163. What is u(-29)?
305
Let n(s) = -s**2 + 323*s + 19273. What is n(369)?
2299
Let q(d) = 320*d**2 + 6209*d - 3813. Give q(-20).
7
Let z(h) = -5488*h - 5543. Determine z(-1).
-55
Let y(v) = -139*v + 1828. Determine y(12).
160
Let f(d) = -20*d**2 - 944*d - 2806. What is f(-44)?
10
Let u(y) = -14*y + 523. What is u(59)?
-303
Let y(w) = -2*w**3 + 10*w**2 - 15*w - 53. What is y(9)?
-836
Let a(z) = 1150*z**3 + 6*z**2 + 135*z + 130. Determine a(-1).
-1149
Let w(h) = -359*h**2 + 19*h - 144. Calculate w(3).
-3318
Let f(d) = 67621*d + 135247. Determine f(-2).
5
Let l(o) = 25*o**2 + 2191*o + 47422. What is l(-39)?
-2
Let g(c) = -c**2 + 237*c - 13791. What is g(100)?
-91
Let z(f) = -4*f**3 - 50*f**2 - 121*f - 268. Determine z(-10).
-58
Let i(x) = -311*x - 6720. Determine i(-22).
122
Let a(i) = -38*i - 3003. Calculate a(-70).
-343
Let c(x) = 3299*x + 13137. What is c(-4)?
-59
Let u(c) = 16*c**3 - 8*c**2 - 18*c - 13. Give u(-3).
-463
Let i(x) = 5*x**2 - 204*x - 973. Determine i(36).
-1837
Let h(d) = 11*d**2 + 1572*d + 14354. Give h(-10).
-266
Let t(l) = -476*l - 89433. Calculate t(-188).
55
Let y(v) = 10*v**3 + 267*v**2 + 846*v - 4. Calculate y(-4).
244
Let r(q) = 3*q**2 + 1111*q + 99398. What is r(-219)?
-28
Let s(r) = 6130*r - 208424. Give s(34).
-4
Let s(o) = -19*o**2 - 253*o - 47. Give s(-13).
31
Let j(v) = -v**3 + 22*v**2 - 124*v + 920. What is j(15)?
635
Let f(n) = -8*n**2 - 156*n - 262. Calculate f(-24).
-1126
Let l(p) = -p**2 + 11855*p + 487732. Calculate l(-41).
-4
Let t(x) = 2*x**3 + 201*x**2 + 116*x - 17914. Determine t(-99).
5
Let i(r) = -21*r**2 - 419*r + 904. Determine i(-22).
-42
Let c(w) = 3375*w + 165349. What is c(-49)?
-26
Let s(z) = z**3 - 75*z**2 - 3843*z + 152. Determine s(-35).
-93
Let y(w) = w**3 + 14*w**2 + 570*w + 8317. Determine y(-14).
337
Let n(a) = -2*a**3 + 144*a**2 - 952*a - 25. Give n(7).
-319
Let x(n) = -11*n**2 + 10155*n - 30350. Calculate x(3).
16
Let v(f) = -f**3 - 63*f**2 - 673*f + 1312. Give v(-49).
675
Let u(d) = -4*d**2 + 2444*d + 104164. What is u(-40)?
4
Let j(g) = 7*g**2 + 3260*g + 42012. Give j(-13).
815
Let z(q) = 7*q**2 + 257*q + 368. Determine z(-35).
-52
Let g(p) = p**3 - 15*p**2 - 60*p - 14. Calculate g(-3).
4
Let g(n) = n**3 + 14*n**2 - 22662*n - 339685. Determine g(-15).
20
Let h(q) = -272252*q - 4628271. Determine h(-17).
13
Let j(b) = 120497*b + 2. Calculate j(0).
2
Let y(s) = -18*s**2 - 1910*s - 52. Calculate y(-106).
160
Let u(d) = -d**2 + 74253*d - 2745987. Calculate u(37).
5
Let z(g) = -61*g**2 + 9944*g - 173. What is z(163)?
-10
Let j(x) = -15*x**2 - 1306*x - 25281. Give j(-58).
7
Let x(c) = -116*c + 325. Give x(-9).
1369
Let q(w) = 10*w**2 - 8712*w + 8716. Determine q(1).
14
Let n(p) = 48*p**2 + 783*p - 1462. Give n(-18).
-4
Let k(c) = 2*c**3 - 1249*c**2 - 4374*c - 13885. Calculate k(628).
-69
Let b(d) = 3*d**2 - 241*d - 6253. Calculate b(99).
-709
Let k(x) = -4*x**2 + 2743*x + 16582. What is k(-6)?
-20
Let u(p) = -48*p**2 + 3361*p - 29. Calculate u(70).
41
Let r(z) = z**2 - 232*z - 4866. Determine r(-21).
447
Let l(v) = 8145*v**2 - 56896*v - 824. Calculate l(7).
9
Let c(t) = 759*t - 5674. Calculate c(11).
2675
Let s(t) = -962888*t - 10591770. What is s(-11)?
-2
Let y(f) = 43897*f**2 + 131688*f - 4. Determine y(-3).
5
Let c(l) = 2*l**3 - 3*l**2 - 1725*l - 46. What is c(-28)?
1998
Let t(i) = -1239*i - 28624. Give t(-24).
1112
Let u(l) = l**2 - 69*l + 1104. What is u(32)?
-8